In base 16, what is -2516 + -12b8?
-37ce
In base 7, what is -30 - 30100?
-30130
In base 3, what is -1100120121 + -102202?
-1101000100
In base 6, what is 1545553325 + 4?
1545553333
In base 5, what is 40 + 13024133?
13024223
In base 5, what is 2 - 21322322334?
-21322322332
In base 3, what is -10120100002220 + 20111?
-10120022212102
In base 3, what is 1112 - 2011202112?
-2011201000
In base 6, what is 3542000245 - 4?
3542000241
In base 12, what is 237 - -2b3356?
2b3591
In base 4, what is -100 - -2220321013?
2220320313
In base 11, what is 101 + -68528?
-68427
In base 4, what is 112 - -202020302131?
202020302303
In base 12, what is -14b - -8baa4?
8b955
In base 6, what is -23311412 - -2?
-23311410
In base 16, what is 34fa8 + -2d6?
34cd2
In base 8, what is -71 + 1270225?
1270134
In base 4, what is -2002203112 - 3111?
-2002212223
In base 9, what is -242701040 + 4?
-242701035
In base 11, what is 6689 + -1812?
4977
In base 2, what is -110111110100000100 + 1011001?
-110111110010101011
In base 7, what is 1052 - 16110101?
-16106016
In base 8, what is -27072216 - 6?
-27072224
In base 6, what is 40503 + 155345?
240252
In base 15, what is -31c870 - -7?
-31c868
In base 10, what is -2289 + 959?
-1330
In base 3, what is -21111102 - -100102222?
1221120
In base 6, what is 10 + 115014114?
115014124
In base 14, what is -7 - 310201?
-310208
In base 8, what is 25601370 + 5?
25601375
In base 15, what is -2074133 - -5?
-207412d
In base 6, what is -113105122 - -1?
-113105121
In base 16, what is -1 - 12c6404?
-12c6405
In base 3, what is 2201221022021 - 11?
2201221022010
In base 5, what is 2 - 2124211424?
-2124211422
In base 15, what is be9dbe - -4?
be9dc3
In base 4, what is -231033011012 - 1?
-231033011013
In base 10, what is -8 - -964082?
964074
In base 15, what is -1586 - ba4c?
-d0d3
In base 16, what is -1 - 510f6f2?
-510f6f3
In base 12, what is 5 + -38a2819?
-38a2814
In base 9, what is 1733 + -2?
1731
In base 10, what is 299 - -17874?
18173
In base 5, what is -1140 - -3140012?
3133322
In base 14, what is -15b5a46 + 0?
-15b5a46
In base 7, what is -1463 - 114334?
-116130
In base 8, what is 734 - 635076?
-634142
In base 14, what is -a36a8 + 23?
-a3685
In base 13, what is 613b328 + 5?
613b330
In base 12, what is 27a058 - -7?
27a063
In base 7, what is -12506161662 - 2?
-12506161664
In base 10, what is 576 - 58345?
-57769
In base 12, what is -b1 + -552412?
-552503
In base 6, what is -12220445 + -24?
-12220513
In base 10, what is -21410061 - 1?
-21410062
In base 14, what is a1cc3 + -79?
a1c48
In base 11, what is -a22 + -6010?
-6a32
In base 2, what is -10001000110 - 101011111110100?
-101110000111010
In base 6, what is 1414231 - -300203?
2114434
In base 9, what is 35156 + 21328?
56485
In base 10, what is -411499 - -463?
-411036
In base 9, what is -6614804 - 2?
-6614806
In base 8, what is -2644274 + 21?
-2644253
In base 13, what is -1aa9c - -6a?
-1aa32
In base 2, what is -1000011 + -1100111010010?
-1101000010101
In base 11, what is a27460082 + -3?
a2746007a
In base 8, what is 1215 - -105454?
106671
In base 8, what is 65640 - -1677?
67537
In base 13, what is 13 + 190932?
190945
In base 10, what is 7157808 + 0?
7157808
In base 8, what is -1 - -23301336?
23301335
In base 2, what is -1100 + -11110011010000000001?
-11110011010000001101
In base 8, what is -1065 + 624333?
623246
In base 13, what is -54b3 - -146?
-536a
In base 8, what is 31 + -1075207?
-1075156
In base 3, what is 1211120102011 + 222222?
1211121102010
In base 15, what is -46164 + 75?
-460de
In base 4, what is -11103 + -21032010?
-21103113
In base 3, what is -1000020000120 + 2002?
-1000012221111
In base 6, what is 30 + 1301035432?
1301035502
In base 3, what is 20202 + 2101212111022?
2101212202001
In base 7, what is 1241 + 2624611?
2626152
In base 14, what is -70 - 2d76?
-3006
In base 3, what is 1020020 + 10122102?
11212122
In base 15, what is 1 - -79c49?
79c4a
In base 11, what is -5aa01785 + 3?
-5aa01782
In base 13, what is 95 - -21b58?
21c20
In base 6, what is 225325 - 202?
225123
In base 13, what is 65 + 8846?
88ab
In base 14, what is 12ac0dd - -2?
12ac101
In base 10, what is 2066272 + -228?
2066044
In base 9, what is -450 + -25343?
-25803
In base 5, what is -3 + 2424112023?
2424112020
In base 2, what is -10001111101111111011010010 - 101?
-10001111101111111011010111
In base 3, what is 112102102010 + -121?
112102101112
In base 4, what is 302201201 + 123?
302201330
In base 6, what is 354422 + -11044?
343334
In base 7, what is 1 + -23654013?
-23654012
In base 6, what is 345312554 - -2?
345313000
In base 14, what is 421ad - -2a?
421d9
In base 11, what is 95649a89 - 0?
95649a89
In base 6, what is -141223211 + 11?
-141223200
In base 11, what is 300aa0 + 0?
300aa0
In base 5, what is -2214 + 2222204?
2214440
In base 6, what is -33222145 + -3?
-33222152
In base 3, what is -10022100011221020 + -1?
-10022100011221021
In base 9, what is -3 - 3445816?
-3445820
In base 3, what is -1221 - 120112202?
-120121200
In base 12, what is -100 - 3b5b19?
-3b6019
In base 2, what is -11101111011111111001 - 1010110?
-11101111100001001111
In base 9, what is -20135 + -365?
-20511
In base 2, what is -1000011101100101 - -1010011110001?
-111001001110100
In base 14, what is -5b27d77 + 4?
-5b27d73
In base 2, what is 111011001100001000100 + -1000110?
111011001011111111110
In base 7, what is 0 + -15133232?
-15133232
In base 13, what is 22b4 - -785?
2a69
In base 7, what is -50 - 51606220?
-51606300
In base 14, what is 1 - b2a72?
-b2a71
In base 9, what is -20443 - -320?
-20123
In base 5, what is 1 - 120110042103?
-120110042102
In base 11, what is 4 - 1139656?
-1139652
In base 3, what is -1122 - -1000201010211?
1000201002012
In base 12, what is -6 - -84a88398?
84a88392
In base 14, what is -3d1 - 156b0?
-15aa1
In base 8, what is 4633 + 37205?
44040
In base 14, what is 2b136c - -9?
2b1377
In base 2, what is -1111101110101100011011 + -10?
-1111101110101100011101
In base 4, what is 1013311110100 - 111?
1013311103323
In base 13, what is 2491 + -3093?
-902
In base 10, what is 14071855 + 5?
14071860
In base 3, what is 121 - 112210001020?
-112210000122
In base 8, what is -431163 + 5007?
-424154
In base 14, what is 12 - -2d7b53d?
2d7b551
In base 15, what is -17ebe302 + 4?
-17ebe2ed
In base 9, what is 25231651 + -2?
25231648
In base 10, what is -622 - 1790?
-2412
In base 4, what is -1 + 1131020203202?
1131020203201
In base 10, what is -1128 - -630?
-498
In base 13, what is ba965b + 42?
ba96a0
In base 6, what is 21305 + 13222?
34531
In base 11, what is 2 + -5883659?
-5883657
In base 5, what is 22 + -12031331213?
-12031331141
In base 3, what is -212 - 10212202122211?
-10212202200200
In base 12, what is -28b3037 + -3?
-28b303a
In base 15, what is b7d0 + -1a45?
9c8a
In base 10, what is -74 + 373899?
373825
In base 13, what is -1899 + 2ca7?
140b
In base 5, what is -4 + 333403032004?
333403032000
In base 11, what is 7 - 222778?
-222771
In base 11, what is -5314640 - -4?
-5314637
In base 14, what is 4 + 1686793?
1686797
In base 11, what is 19 + 79234?
79252
In base 7, what is -1422323 - -20?
-1422303
In base 16, what is -5d + 1ca304?
1ca2a7
In base 4, what is 1112123003123113 - 10?
1112123003123103
In base 14, what is 2 - 5a40b2?
-5a40b0
In base 3, what is -212010220221 + 2?
-212010220212
In base 16, what is 89 + 16a7e1?
16a86a
In base 7, what is 321230 + -15411?
302516
In base 8, what is -366472 + 222?
-366250
In base 13, what is -640 - -28384?
27a44
In base 5, what is 124 + -34231424?
-34231300
In base 14, what is -78c7c + -166?
-79004
In base 16, what is 95029 + -2?
95027
In base 3, what is 221 + 222101201020?
222101202011
In base 11, what is -2 + 700a9642?
700a9640
In base 3, what is -111 - 111200020020?
-111200020201
In base 7, what is -50235416 - -2?
-50235414
In base 9, what is -21700504 - 8?
-21700513
In base 11, what is -30 + 76610?
76590
In base 3, what is 110120 + -100212022112?
-100211211222
In base 4, what is -11 - 13001223233133?
-13001223233210
In base 7, what is 4 + -1024451006?
-1024451002
In base 12, what is -17a + -310?
-48a
In base 7, what is -1121 - 1045545?
-1046666
In base 5, what is 1414140420 - -10?
1414140430
In base 12, what is -4 + 40665a3?
406659b
In base 13, what is -ca - 1447b5?
-1448b2
In base 13, what is c4814 + 0?
c4814
In base 4, what is